remainder when (-9 - (-112)/12)/((-3)/99936*-4) is divided by 139?
135
Calculate the remainder when 1018 is divided by ((-6)/(-4) + (-230)/(-276))/((-1)/(-141)).
31
Let j(t) = -t**3 + 209*t**2 + 632*t + 1523. Calculate the remainder when j(212) is divided by 184.
123
Suppose 181*g - 2114 = 3366 + 1036. What is the remainder when -2 - (-1)/((-3)/(-1077)) is divided by g?
33
Let c be 92/(-6)*120/(-16). Let h = c + -65. Let o(v) = -311*v - 2163. Calculate the remainder when h is divided by o(-7).
8
Let c(i) = -i**2 - 29*i. Let v be c(-29). Suppose -2*f - 5*a + 14 = v, 0 = -3*f + a - 0*a + 55. What is the remainder when (4/6)/((-8)/(-360)) is divided by f?
13
Suppose 28 = 4*j, b = 2*j - 318 + 324. Calculate the remainder when 7636 is divided by b.
16
Let t be 19/(-190)*10*0/(-2). Let n(o) = o**3 - 2*o**2 + o - 1. Let x be n(4). Suppose 10*w - 75 - x = t. Calculate the remainder when 51 is divided by w.
7
Let o = 56 + -33. Let k = -376547 + 376555. What is the remainder when o is divided by k?
7
Suppose -132*z = -126*z + 72792. Calculate the remainder when z/(-126) + (-4)/14 is divided by 30.
6
Let u = -159 + 170. Let r(h) = h**3 - 10*h**2 - 11*h + 6. Calculate the remainder when (-2)/5 + (-348)/(-20) is divided by r(u).
5
Let k(o) = o**2 - 23*o + 3. What is the remainder when k(-6) is divided by ((-228)/(-9))/19*42?
9
Let k(f) = -28*f + 13. Let v be k(0). Suppose -27 = -2*a + 3*m, -v*m - 4 = -9*m. What is the remainder when 15 is divided by a?
3
Let h(b) = 5*b**2 + 3*b - 2. Let i be h(3). Let v(f) = 34*f + 173. Let s be v(-5). What is the remainder when (5/(-10) + s)/(2/i) is divided by 11?
10
Let w(m) = m - 25. Let t(u) = 3. Let a(x) = 10*t(x) - 2*w(x). What is the remainder when a(21) is divided by 20?
18
What is the remainder when ((6363/(-18))/(-7) + 1)*4 is divided by 26?
24
Let t = -7632 - -7663. Calculate the remainder when 639 is divided by t.
19
Suppose 3091 + 78441 = 218*g. What is the remainder when g is divided by 137?
100
Calculate the remainder when (-3213)/(-68)*8 - 10 is divided by 37.
35
Suppose 0 = 3*b - 5*s, -4*b - 2 - 33 = 5*s. What is the remainder when 123 is divided by 3*(-2 - b)*1?
6
Suppose -3*f + 2*o = -15, 3*o + 18 = 3*f + 3. Suppose -470 = f*v - 10*v. Calculate the remainder when v is divided by (1 - 5)/(7/252*-6).
22
Let i = 1 - 10. Let r(s) = -283*s - 1101. Calculate the remainder when r(-4) is divided by ((-6)/4)/(i/66).
9
Suppose -3*w = 3*c - 21, 0*c = 3*c + w - 17. Suppose -5*i = 3*l + 24, -3*l + c*l = 4. Calculate the remainder when 86 is divided by (-182)/i - 6/18.
26
Let v = 197 + -53. Let o = -112 + v. Suppose q + o = 2*h, 4*h = h - 5*q + 74. Calculate the remainder when h is divided by 8.
2
What is the remainder when 155 is divided by 17/((-1*12/(-42))/((-40)/(-28)))?
70
Suppose 33*z - 484 = 94*z - 5364. Calculate the remainder when 336 is divided by z.
16
Let u(j) be the third derivative of j**4/24 + 2*j**3/3 - 16*j**2. Let y be u(-6). Calculate the remainder when (1/y)/(6/(-228)) is divided by 11.
8
Suppose -8*f + 14835 = 2235. What is the remainder when f is divided by 140?
35
Let h = 141 - 94. Let r = -291 - -373. Calculate the remainder when h is divided by r/7 - 16/(-280)*5.
11
Let w be 8/16*(-2)/(-1). What is the remainder when 119 is divided by 57 + 0 + w/(1/4)?
58
Let n(z) = 15*z**2 - 35*z - 55. Calculate the remainder when n(-5) is divided by 161.
12
Suppose -59 = 4*g - 5*g. What is the remainder when g is divided by (2 + -3)/(9/(-162))?
5
Let o(w) = -33*w**3 + 3*w**2 - 19*w - 31. What is the remainder when o(-2) is divided by 48?
43
Let u = -492 - -514. What is the remainder when 198 is divided by u?
0
Let i = 10111 + -7509. What is the remainder when i is divided by 21?
19
Suppose 0 = 3*j + 5*v - 3*v - 122, 5*v + 201 = 4*j. Calculate the remainder when j is divided by 10.
4
Suppose 0 = 33*o - 2087006 + 2084465. Let k = 7 + 2. Calculate the remainder when o is divided by k.
5
Let k = 141 - 126. Let z(i) = -2*i**2 + 39*i - 49. Calculate the remainder when z(k) is divided by 8.
6
Suppose 0 = 4*z - 0*z + v + 190, 2*z + 4*v = -102. Let g = 199 + z. Calculate the remainder when g is divided by 1 + 51*(-3 + 6 + -2).
48
Let m(p) = 2*p**2 + p - 129. Calculate the remainder when (36 - 2)*(-14)/(-4) is divided by m(9).
35
Suppose -29*y + 32*y + 69 = 0. Let o(w) = w + 126. What is the remainder when o(y) is divided by 9?
4
Suppose g + 7 = 5*q, -4*q = -8*q - 3*g + 17. Let d(b) = 5 - q*b + 4*b - 8*b + 4*b. Calculate the remainder when d(-10) is divided by 14.
11
Let x(h) = -7*h**3 - 23*h**2 - 21*h - 5. What is the remainder when x(-4) is divided by 55?
49
Suppose -14 = -b + 5. Suppose -1131 = -161*j + 122*j. What is the remainder when j is divided by b?
10
What is the remainder when 892 is divided by (100 - 41)/((3/(-15))/(2/(-5)))?
66
Let v = -114 - -247. Suppose -4*y + 0*y + v = w, 0 = 4*w - 4. Calculate the remainder when 61 is divided by y.
28
Let x be (-150)/(-14) + 16/(-504)*-9. Let g be 5/5*x + -5. What is the remainder when 256 + 56/(-21)*g/4 is divided by 15?
12
Suppose -2*l - 3*q - 14 + 21 = 0, 0 = -2*l - 2*q + 12. Calculate the remainder when 2*l/(-6)*(9 - 12) is divided by 3.
2
Suppose -4*d - 2*a - 470 = 0, 90 = -3*d - 5*a - 280. Let v = d - -128. What is the remainder when 13 is divided by v?
0
Let o = -42 - -59. Suppose -o*c + 1004 = -3807. Calculate the remainder when c is divided by 15.
13
Suppose 0 = -n + 21*n + 910 - 9330. What is the remainder when 3789 is divided by n?
0
Suppose -23*j + 12*j - 149 = -1876. What is the remainder when j is divided by 63?
31
Calculate the remainder when 8/(-7) - 832846/(-3038) is divided by 8.
1
Let f be ((-264)/40)/(1/(-110)). What is the remainder when 38 is divided by 8/(-60) - f/(-45)?
6
Let w(d) = -521*d - 9323. What is the remainder when 2308 is divided by w(-18)?
53
Suppose -j - 1 + 99 = 2*r, 4*j = 16. Calculate the remainder when r is divided by 18.
11
Suppose k = -k + 288. Suppose 0 = -2*z - 31*z - 1782. Calculate the remainder when k is divided by (-1953)/z + (-4)/((-24)/5).
33
Let l = 4 + 3. Suppose -14*m - 15 + 602 = g, -2860 = -5*g + 5*m. Calculate the remainder when g is divided by l.
6
Let v(h) = h**3 - 62*h**2 - 63*h + 161. Suppose 0 = 4*u - 9*u - 3*f + 36, u - 4*f - 21 = 0. Calculate the remainder when v(63) is divided by u.
8
Suppose -192*u - 10624 + 49792 = 0. Calculate the remainder when u is divided by 33.
6
What is the remainder when 305 is divided by ((-259)/(-14) - 20)*(-48 + 0)?
17
Let f(p) = p**2 + 5*p + 27. Suppose 0*x + 308 = -11*x. Let c be (6*(-1)/(-4))/(3/x). What is the remainder when f(c) is divided by 31?
29
Let h(w) = 6*w - 67. Let l(f) = -21*f - 49. Let o be l(-3). Let q(j) = -j**2 + 10*j + 9. Calculate the remainder when h(o) is divided by q(10).
8
Suppose -24 = -2781*m + 2777*m. Calculate the remainder when 195 is divided by m.
3
Calculate the remainder when (-1)/2 + 0 + (-145854)/(-292) is divided by 11.
4
What is the remainder when (-56)/6*684/(-24) is divided by 134?
132
Let n be 23/3 - 11/(-33). Suppose -n*q = -94 + 14. Suppose -q*c + 15*c - 55 = 0. What is the remainder when 54 is divided by c?
10
Let h = 13423 - 11701. What is the remainder when h is divided by 104?
58
Suppose -2*i - 3*i = -140. Suppose i*b = 24*b + 16. Suppose -1 = -b*w + 3*w. Calculate the remainder when 2 is divided by w.
0
Let i(p) = p - 51*p**3 - 6 + 20 - 12 + p. What is the remainder when i(-1) is divided by (-2260)/(-200) - (-6)/(-20)?
7
Let r be (2/(-5)*-2)/((-90)/(-225)). Suppose -4*d + 2*d + 225 = 3*n, -r*n + d + 157 = 0. Calculate the remainder when 228 is divided by n.
74
Let l(f) = 340*f**3 - 2*f**2 - f + 3. Let y be l(1). What is the remainder when 336 is divided by (1/2)/(2/y)?
81
Let q = 570 - 564. Let w = 33 + -20. Calculate the remainder when (-76)/(-6*2/q) is divided by w.
12
Let u be (-8)/(-2) + (23 - 22). Suppose -u*n = -12*n + 441. Calculate the remainder when n is divided by -2 + 6/3 + (8 - 2).
3
Let o = 35 - 8. Let x(j) = -j**3 + 19*j**2 - 17*j - 24. Let h be x(18). Calculate the remainder when o is divided by (-1 - h)*(-28)/(-20).
6
Let c(q) = 85*q - 1. Calculate the remainder when c(2) is divided by ((-17)/((-782)/(-69)))/(3/(-116)).
53
Suppose 5*h - 3*j = 267, -4*h + 0*j + 220 = -4*j. Let q(f) = 547*f**3 - 3*f - 6*f - 5*